-70)?
42
Let p(q) = -3*q**3 + 41*q**2 + 19*q + 418. Determine p(15).
-197
Let z(y) = -2*y**2 - 77*y + 4577. What is z(32)?
65
Let p(v) = 213*v**2 - 219190*v + 13366. Calculate p(1029).
-11
Let j(t) = -36*t**2 + 26*t - 311. Determine j(6).
-1451
Let d(t) = -25*t**2 - 817*t + 188. Determine d(-33).
-76
Let o(w) = -3*w**3 + 50*w**2 - 267*w + 28. Calculate o(11).
-852
Let b(k) = -k**3 + 54*k**2 - 687*k + 1249. Give b(16).
-15
Let x(h) = -235*h**3 + 22*h**2 - 2. Calculate x(-1).
255
Let d(w) = w**3 - 33*w**2 - 126*w + 953. Give d(36).
305
Let j(h) = -119*h**2 - 2095*h - 9066. Give j(-10).
-16
Let l(x) = 191415*x + 3828295. What is l(-20)?
-5
Let u(v) = -325*v - 8731. Give u(-27).
44
Let x(q) = -22*q**3 + 19*q**2 + 78*q + 55. Determine x(-4).
1455
Let x(j) = j**3 + 141*j**2 + 1312*j + 257. Calculate x(-131).
-5
Let p(m) = 84*m + 975. Give p(7).
1563
Let o(c) = -c**2 + 123*c - 3873. What is o(25)?
-1423
Let u(m) = -2*m**3 - 96*m**2 + 25*m + 1126. Determine u(-48).
-74
Let h(t) = -31*t + 4384. Determine h(66).
2338
Let b(s) = -2*s**2 + 262*s + 29212. Calculate b(-72).
-20
Let j(q) = -q**3 - 6*q**2 - 1253*q - 6184. What is j(-5)?
56
Let j(p) = -p**3 - 1544*p**2 + 61738*p - 37. Calculate j(39).
2
Let u(l) = -69*l**2 - 612*l + 91. What is u(-11)?
-1526
Let b(k) = -64127*k + 320632. What is b(5)?
-3
Let k(h) = 416*h - 32507. Calculate k(78).
-59
Let c(s) = s**3 + 34*s**2 + 993*s + 35968. Calculate c(-35).
-12
Let h(c) = c**3 - 154*c**2 - 785*c + 696. Calculate h(159).
2286
Let t(b) = -b**3 + 97*b**2 - 508*b + 49250. Calculate t(97).
-26
Let p(x) = -x**2 + 4892*x - 2192102. Calculate p(499).
5
Let c(b) = 205*b + 42840. What is c(-209)?
-5
Let q(b) = b**3 + 98*b**2 + 92*b - 10. Give q(-97).
475
Let r(t) = t**3 + 103*t**2 - 160*t - 5800. Determine r(-104).
24
Let k(h) = 636*h + 79. Determine k(1).
715
Let i(c) = c**2 + 62*c - 1298. Determine i(24).
766
Let i(b) = -597*b**3 + 84*b**2 + 91*b + 8. Give i(-1).
598
Let j(p) = 2490*p + 190489. What is j(-76)?
1249
Let z(r) = 33*r + 457. Calculate z(3).
556
Let m(t) = -11*t**2 - 240*t - 1076. What is m(-32)?
-4660
Let z(t) = -8680*t - 34914. Calculate z(-4).
-194
Let h(f) = 52788*f + 263868. Give h(-5).
-72
Let q(f) = f**2 - 28*f - 155. Give q(16).
-347
Let s(z) = -z**2 + 2779*z + 55847. Calculate s(-20).
-133
Let t(c) = 40103*c - 400901. Calculate t(10).
129
Let r(m) = -141*m**2 - 838*m + 1031. Determine r(-7).
-12
Let o(z) = 22*z**2 - 14081*z - 56010. Give o(644).
18
Let l(q) = -10*q**3 - 7*q**2 - 148. What is l(0)?
-148
Let g(n) = 105*n**2 - 3354*n - 5. Give g(32).
187
Let s(m) = m**3 + 1799*m**2 - 16253*m - 13. What is s(9)?
158
Let j(c) = 4052*c + 632163. Calculate j(-156).
51
Let h(p) = 12908*p - 851936. Give h(66).
-8
Let o(f) = -f**3 - 97*f**2 + 2628*f + 855. Determine o(-119).
-335
Let a(g) = -12*g**3 + 1163*g**2 + 95*g + 176. Calculate a(97).
-18
Let m(y) = 2*y**2 + 15720*y + 1059706. What is m(-68)?
-6
Let c(k) = -485*k**2 - 5347*k - 255. What is c(-11)?
-123
Let c(f) = f**2 - 75*f - 10957. Give c(-75).
293
Let j(i) = 9*i**2 - 58219*i - 232892. Give j(-4).
128
Let c(m) = -920*m + 45495. Give c(49).
415
Let j(f) = -27*f**2 + 4415*f - 2005. Give j(163).
277
Let d(y) = -y**3 - 121*y**2 - 2591*y + 1231. What is d(-93)?
22
Let m(f) = -f**2 - 352*f + 104731. Calculate m(193).
-454
Let l(m) = m**3 - 48*m**2 - 4037*m + 66. Give l(92).
1078
Let t(d) = 53*d**2 + 167045*d + 167047. Calculate t(-1).
55
Let v(l) = l**3 + 76*l**2 + 1152*l + 337. Calculate v(-20).
-303
Let n(k) = -k**2 - 677*k + 30910. What is n(43)?
-50
Let f(i) = 2565*i + 26078. Calculate f(-10).
428
Let b(w) = w**2 + 88*w + 862. Calculate b(-61).
-785
Let o(z) = 2*z**2 - 206*z + 3231. Calculate o(21).
-213
Let x(s) = s**3 + 32*s**2 + 47*s + 419. What is x(-31)?
-77
Let a(n) = -12*n**3 - 55*n**2 + 33*n + 40. Determine a(-5).
0
Let z(v) = -94*v**2 - 2490*v - 1212. Give z(-26).
-16
Let v(h) = 101*h**2 - 13099*h + 9030. Give v(129).
0
Let b(h) = -2420*h - 2575. Determine b(-1).
-155
Let o(v) = -v**3 - 59*v**2 + 263*v - 27. Determine o(4).
17
Let u(f) = -10*f**3 - 212*f**2 - 243*f - 4. Determine u(-20).
56
Let m(g) = -g**2 - 25*g + 132054. Calculate m(-376).
78
Let g(s) = -893*s - 9663. Give g(-11).
160
Let y(w) = 66*w**2 - 207*w - 441. What is y(-2)?
237
Let g(h) = 7*h**2 - 386*h - 153308. Give g(-123).
73
Let h(z) = -3*z**2 + 27*z + 1848. Calculate h(34).
-702
Let q(z) = -5*z**2 + 182*z + 3593. What is q(-16)?
-599
Let j(y) = y**3 + 720*y**2 + 20895*y + 14506537. Calculate j(-719).
-7
Let c(r) = r**3 - 2678*r**2 + 141695*r + 42. What is c(54)?
-12
Let i(c) = -c**3 - 15*c**2 - 22*c - 26. Calculate i(-6).
-218
Let m(x) = -x**2 + 145*x + 4176. What is m(-37)?
-2558
Let d(z) = 5*z**2 + 272*z - 2864. Calculate d(16).
2768
Let k(h) = 5599*h**2 + 33607*h - 6. What is k(-6)?
-84
Let s(w) = w**3 - 283*w**2 - 1919*w - 32186. What is s(290)?
4
Let s(q) = q**2 - 1039*q + 153660. Give s(179).
-280
Let x(l) = -l**3 + 75*l**2 + 1671*l + 273. Calculate x(93).
-6
Let a(h) = -339*h + 6697. Determine a(19).
256
Let k(b) = -b**2 + 160*b + 1816. Calculate k(171).
-65
Let c(s) = 36295*s + 1488103. Determine c(-41).
8
Let l(k) = 2*k**3 - 497*k**2 - 1576*k + 206515. Calculate l(250).
15
Let x(m) = 186524*m - 6714867. What is x(36)?
-3
Let z(o) = -531313*o - 531313. Determine z(-1).
0
Let d(m) = -m**3 - 143*m**2 - 281*m - 93. Give d(-141).
-234
Let r(a) = 142*a - 3266. What is r(29)?
852
Let v(h) = 140700*h - 4080283. Calculate v(29).
17
Let x(u) = -u**3 + 117*u**2 - 883*u + 1080. What is x(109)?
-119
Let i(l) = -l**2 + 515*l + 14735. Calculate i(-27).
101
Let s(v) = 36*v**2 - 6872*v - 95. Calculate s(191).
669
Let d(z) = -z**3 - 12*z**2 - 48*z - 902. What is d(-13)?
-109
Let b(l) = -315*l + 2350. What is b(7)?
145
Let q(z) = 309*z - 8307. Determine q(26).
-273
Let r(p) = -28*p**3 - 2*p**2 - 2*p + 14. What is r(3)?
-766
Let q(s) = 392*s - 248902. Determine q(635).
18
Let o(s) = -6*s**3 + 6*s**2 + 6*s - 24. What is o(3)?
-114
Let t(d) = d**2 - 7219*d - 79487. Give t(-11).
43
Let o(q) = 2408*q - 163608. Determine o(68).
136
Let n(c) = 111*c - 3986. Calculate n(26).
-1100
Let r(m) = 655*m + 31387. What is r(-47)?
602
Let v(o) = -o**3 - 854*o**2 + 217*o + 185318. What is v(-854)?
0
Let t(q) = -2209*q**2 + 134718*q + 1887. Calculate t(61).
-4
Let n(t) = 445*t + 155341. What is n(-349)?
36
Let d(y) = -y**3 + 354*y**2 + 141*y - 24. What is d(0)?
-24
Let n(b) = -b**3 + 532*b**2 + 3820*b - 68. Calculate n(-7).
-397
Let s(n) = 2*n**3 - 9*n**2 - 580*n + 4335. Calculate s(8).
143
Let u(n) = -n**3 - 19*n**2 + 44*n + 456. Determine u(-19).
-380
Let r(v) = -2*v**2 - 1811*v + 250712. Determine r(122).
2
Let i(d) = -16*d**3 - d**2 + 115*d - 457. Calculate i(4).
-1037
Let l(j) = -4*j**2 - 1289*j + 105859. Determine l(68).
-289
Let m(z) = -43*z**2 + 1239*z - 67. What is m(29)?
-299
Let r(h) = -h**2 + 322*h + 3731. What is r(335)?
-624
Let l(t) = 275*t - 3256. Give l(12).
44
Let f(y) = -11*y**2 - 523*y - 777. Determine f(-46).
5
Let s(i) = 2*i**3 + 14*i**2 + 4585*i + 32083. Calculate s(-7).
-12
Let s(f) = 202967*f - 811856. Calculate s(4).
12
Let s(q) = -480*q + 48873. What is s(100)?
873
Let v(k) = -2*k**3 + 375*k**2 - 2351*k - 375. Determine v(181).
-13
Let g(w) = -97*w**2 + 5038*w - 146. Give g(52).
-458
Let j(u) = -24641*u + 813134. Give j(33).
-19
Let y(s) = -85*s**2 + 173*s + 9. Give y(-4).
-2043
Let z(u) = 364*u**2 + 6591*u + 771. Give z(-18).
69
Let a(t) = 9*t**3 - 355*t**2 + 176*t - 778. What is a(39)?
2
Let a(g) = 2*g**3 - 22*g**2 - 62*g + 228. Give a(-4).
-4
Let s(r) = 35*r**3 + 388*r**2 + 41*r + 95. Calculate s(-11).
7
Let c(n) = -713*n - 38484. Calculate c(-54).
18
Let g(k) = -3918*k + 469523. Give g(120).
-637
Let i(f) = -13*f**2 + 531*f + 3705. What is i(47)?
-55
Let g(m) = -6*m**2 + 60*m - 716. Give g(14).
-1052
Let h(p) = 1648350*p - 23076907. What is h(14)?
-7
Let f(k) = k**2 + 835*k + 46515. What is f(-60)?
15
Let q(w) = -110*w - 1839. What is q(-12)?
-519
Let x(h) = h**3 - 63*h**2 - 726*h + 12. Calculate x(73).
304
Let f(h) = 24*h**2 - 930*h - 70. Give f(36).
-2446
Let s(o) = -48*o - 20431. Give s(-426).
17
Let b(r) = r**2 + 358*r - 6759. Determine b(18).
9
Let j(q) = 68*q**2 + 718*q - 4935. Calculate j(7).
3423
Let l(r) = -3*r**3 - 113*r**2 - 35*r + 1287. What is l(-37)?